{"id":5543,"date":"2021-10-11T11:38:53","date_gmt":"2021-11-26T11:38:53","guid":{"rendered":"https:\/\/vinyaelsvilars.parentesi.net\/producto\/vilars\/"},"modified":"2022-01-27T12:12:52","modified_gmt":"2022-01-27T12:12:52","slug":"vilars","status":"publish","type":"product","link":"https:\/\/vinyaelsvilars.parentesi.net\/es\/producto\/vilars\/","title":{"rendered":"Vilars"},"content":{"rendered":"<ul>\n<li>50% merlot y 50% syrah<\/li>\n<li>Vi\u00f1edo propio<\/li>\n<li>13 meses en barrica bordelesa de roble franc\u00e9s<\/li>\n<\/ul>\n<p><strong>Nota de cata<\/strong><\/p>\n<p>Color cereza intenso con l\u00e1grima untuosa y reflejo morado. Aroma de fruta roja y negra madura, acompa\u00f1ada de un fondo terroso, especiado, tostado y complejo.<\/p>\n<p>En boca es muy potente y rotundo, sabroso y con t\u00e1nicos maduros. Retrogusto largo y muy redondo, que pide otra copa.<\/p>\n<p>Dado que no se ha sometido a ning\u00fan tipo de estabilizaci\u00f3n en fr\u00edo, pueden aparecer sedimentos naturales. Es aconsejable decantarle al menos media hora antes del consumo.<\/p>\n<p>Temperatura de consumo de alrededor de 15 \u00baC.<\/p>\n<div style=\"width: 940px;\" class=\"wp-video\"><!--[if lt IE 9]><script>document.createElement('video');<\/script><![endif]-->\n<video class=\"wp-video-shortcode\" id=\"video-5543-1\" width=\"940\" height=\"788\" preload=\"metadata\" controls=\"controls\"><source type=\"video\/mp4\" src=\"http:\/\/vinyaelsvilars.parentesi.net\/wp-content\/uploads\/2020\/07\/Vinya-els-Vilars-Vilars-Rosa-Zarza-eno\u0301logo-bodega-1.mp4?_=1\" \/><a href=\"http:\/\/vinyaelsvilars.parentesi.net\/wp-content\/uploads\/2020\/07\/Vinya-els-Vilars-Vilars-Rosa-Zarza-eno\u0301logo-bodega-1.mp4\">http:\/\/vinyaelsvilars.parentesi.net\/wp-content\/uploads\/2020\/07\/Vinya-els-Vilars-Vilars-Rosa-Zarza-eno\u0301logo-bodega-1.mp4<\/a><\/video><\/div>\n<p>&nbsp;<\/p>\n","protected":false},"excerpt":{"rendered":"<p>Vilars, nuestra se\u00f1a de identidad, con \u00e9l empez\u00f3 nuestra historia, nuestra pasi\u00f3n por el vino, por la tierra. Uno de los primeros vinos de la DO Costers del Segre en utilizar la variedad syrah en su composici\u00f3n.<\/p>\n","protected":false},"featured_media":4807,"comment_status":"open","ping_status":"closed","template":"","meta":{"ngg_post_thumbnail":0},"product_cat":[1098],"product_tag":[],"_links":{"self":[{"href":"https:\/\/vinyaelsvilars.parentesi.net\/es\/wp-json\/wp\/v2\/product\/5543"}],"collection":[{"href":"https:\/\/vinyaelsvilars.parentesi.net\/es\/wp-json\/wp\/v2\/product"}],"about":[{"href":"https:\/\/vinyaelsvilars.parentesi.net\/es\/wp-json\/wp\/v2\/types\/product"}],"replies":[{"embeddable":true,"href":"https:\/\/vinyaelsvilars.parentesi.net\/es\/wp-json\/wp\/v2\/comments?post=5543"}],"wp:featuredmedia":[{"embeddable":true,"href":"https:\/\/vinyaelsvilars.parentesi.net\/es\/wp-json\/wp\/v2\/media\/4807"}],"wp:attachment":[{"href":"https:\/\/vinyaelsvilars.parentesi.net\/es\/wp-json\/wp\/v2\/media?parent=5543"}],"wp:term":[{"taxonomy":"product_cat","embeddable":true,"href":"https:\/\/vinyaelsvilars.parentesi.net\/es\/wp-json\/wp\/v2\/product_cat?post=5543"},{"taxonomy":"product_tag","embeddable":true,"href":"https:\/\/vinyaelsvilars.parentesi.net\/es\/wp-json\/wp\/v2\/product_tag?post=5543"}],"curies":[{"name":"wp","href":"https:\/\/api.w.org\/{rel}","templated":true}]}}

<ul>
<li>50% merlot y 50% syrah</li>
<li>Viñedo propio</li>
<li>13 meses en barrica bordelesa de roble francés</li>
</ul>
<p><strong>Nota de cata</strong></p>
<p>Color cereza intenso con lágrima untuosa y reflejo morado. Aroma de fruta roja y negra madura, acompañada de un fondo terroso, especiado, tostado y complejo.</p>
<p>En boca es muy potente y rotundo, sabroso y con tánicos maduros. Retrogusto largo y muy redondo, que pide otra copa.</p>
<p>Dado que no se ha sometido a ningún tipo de estabilización en frío, pueden aparecer sedimentos naturales. Es aconsejable decantarle al menos media hora antes del consumo.</p>
<p>Temperatura de consumo de alrededor de 15 ºC.</p>
<div style="width: 940px;" class="wp-video"><!--[if lt IE 9]><script>document.createElement('video');</script><![endif]-->
<video class="wp-video-shortcode" id="video-5543-1" width="940" height="788" preload="metadata" controls="controls"><source type="video/mp4" src="http://vinyaelsvilars.parentesi.net/wp-content/uploads/2020/07/Vinya-els-Vilars-Vilars-Rosa-Zarza-enólogo-bodega-1.mp4?_=1" /><a href="http://vinyaelsvilars.parentesi.net/wp-content/uploads/2020/07/Vinya-els-Vilars-Vilars-Rosa-Zarza-enólogo-bodega-1.mp4">http://vinyaelsvilars.parentesi.net/wp-content/uploads/2020/07/Vinya-els-Vilars-Vilars-Rosa-Zarza-enólogo-bodega-1.mp4</a></video></div>
<p>&nbsp;</p>

<p>Vilars, nuestra seña de identidad, con él empezó nuestra historia, nuestra pasión por el vino, por la tierra. Uno de los primeros vinos de la DO Costers del Segre en utilizar la variedad syrah en su composición.</p>
