{"id":5541,"date":"2021-10-10T11:39:01","date_gmt":"2021-11-26T11:39:01","guid":{"rendered":"https:\/\/vinyaelsvilars.parentesi.net\/producto\/roble\/"},"modified":"2022-01-27T12:10:35","modified_gmt":"2022-01-27T12:10:35","slug":"roble","status":"publish","type":"product","link":"https:\/\/vinyaelsvilars.parentesi.net\/es\/producto\/roble\/","title":{"rendered":"Roble"},"content":{"rendered":"<ul>\n<li>Merlot y Syrah<\/li>\n<li>Vi\u00f1edo propio<\/li>\n<li>4 meses en barrica de roble franc\u00e9s<\/li>\n<\/ul>\n<p><strong>Nota de cata<\/strong><\/p>\n<p>Color rojo cereza intenso con reflejos viol\u00e1ceos.<\/p>\n<p>La perfecta conjunci\u00f3n entre la fruta y la madera realza su intensidad arom\u00e1tica y la aparici\u00f3n de aromas de frutos negros.<\/p>\n<p>Con una entrada f\u00e1cil en boca, fresco, con un puntito de acidez, muy sabroso y muy bien estructurado, manteniendo un equilibrio muy personal permiti\u00e9ndonos adivinar su breve contacto con la madera.<\/p>\n<p>Al no estar sometido a ning\u00fan tipo de estabilizaci\u00f3n en fr\u00edo, pueden aparecer sedimentos naturales. Ideal para tapear y maridar carnes rojas y blancas, pescados blancos<\/p>\n<p>Temperatura de consumo de alrededor de 14 \u00baC.<\/p>\n<div style=\"width: 940px;\" class=\"wp-video\"><!--[if lt IE 9]><script>document.createElement('video');<\/script><![endif]-->\n<video class=\"wp-video-shortcode\" id=\"video-5541-1\" width=\"940\" height=\"788\" preload=\"metadata\" controls=\"controls\"><source type=\"video\/mp4\" src=\"http:\/\/vinyaelsvilars.parentesi.net\/wp-content\/uploads\/2020\/07\/Vinya-els-Vilars-Roble-Rosa-Zarza-eno\u0301logo-bodega-3.mp4?_=1\" \/><a href=\"http:\/\/vinyaelsvilars.parentesi.net\/wp-content\/uploads\/2020\/07\/Vinya-els-Vilars-Roble-Rosa-Zarza-eno\u0301logo-bodega-3.mp4\">http:\/\/vinyaelsvilars.parentesi.net\/wp-content\/uploads\/2020\/07\/Vinya-els-Vilars-Roble-Rosa-Zarza-eno\u0301logo-bodega-3.mp4<\/a><\/video><\/div>\n<p>&nbsp;<\/p>\n","protected":false},"excerpt":{"rendered":"<p>Un roble, atractivo, con sensaci\u00f3n de frescura y equilibrio. Marcado car\u00e1cter afrutado en nariz, con finos recuerdos de uva madura, tinta y madera de calidad. Con cuerpo y vigor en boca, carnoso, moderadamente t\u00e1nico, redondo y vivo.<\/p>\n","protected":false},"featured_media":4801,"comment_status":"open","ping_status":"closed","template":"","meta":{"ngg_post_thumbnail":0},"product_cat":[1098],"product_tag":[],"_links":{"self":[{"href":"https:\/\/vinyaelsvilars.parentesi.net\/es\/wp-json\/wp\/v2\/product\/5541"}],"collection":[{"href":"https:\/\/vinyaelsvilars.parentesi.net\/es\/wp-json\/wp\/v2\/product"}],"about":[{"href":"https:\/\/vinyaelsvilars.parentesi.net\/es\/wp-json\/wp\/v2\/types\/product"}],"replies":[{"embeddable":true,"href":"https:\/\/vinyaelsvilars.parentesi.net\/es\/wp-json\/wp\/v2\/comments?post=5541"}],"wp:featuredmedia":[{"embeddable":true,"href":"https:\/\/vinyaelsvilars.parentesi.net\/es\/wp-json\/wp\/v2\/media\/4801"}],"wp:attachment":[{"href":"https:\/\/vinyaelsvilars.parentesi.net\/es\/wp-json\/wp\/v2\/media?parent=5541"}],"wp:term":[{"taxonomy":"product_cat","embeddable":true,"href":"https:\/\/vinyaelsvilars.parentesi.net\/es\/wp-json\/wp\/v2\/product_cat?post=5541"},{"taxonomy":"product_tag","embeddable":true,"href":"https:\/\/vinyaelsvilars.parentesi.net\/es\/wp-json\/wp\/v2\/product_tag?post=5541"}],"curies":[{"name":"wp","href":"https:\/\/api.w.org\/{rel}","templated":true}]}}

<ul>
<li>Merlot y Syrah</li>
<li>Viñedo propio</li>
<li>4 meses en barrica de roble francés</li>
</ul>
<p><strong>Nota de cata</strong></p>
<p>Color rojo cereza intenso con reflejos violáceos.</p>
<p>La perfecta conjunción entre la fruta y la madera realza su intensidad aromática y la aparición de aromas de frutos negros.</p>
<p>Con una entrada fácil en boca, fresco, con un puntito de acidez, muy sabroso y muy bien estructurado, manteniendo un equilibrio muy personal permitiéndonos adivinar su breve contacto con la madera.</p>
<p>Al no estar sometido a ningún tipo de estabilización en frío, pueden aparecer sedimentos naturales. Ideal para tapear y maridar carnes rojas y blancas, pescados blancos</p>
<p>Temperatura de consumo de alrededor de 14 ºC.</p>
<div style="width: 940px;" class="wp-video"><!--[if lt IE 9]><script>document.createElement('video');</script><![endif]-->
<video class="wp-video-shortcode" id="video-5541-1" width="940" height="788" preload="metadata" controls="controls"><source type="video/mp4" src="http://vinyaelsvilars.parentesi.net/wp-content/uploads/2020/07/Vinya-els-Vilars-Roble-Rosa-Zarza-enólogo-bodega-3.mp4?_=1" /><a href="http://vinyaelsvilars.parentesi.net/wp-content/uploads/2020/07/Vinya-els-Vilars-Roble-Rosa-Zarza-enólogo-bodega-3.mp4">http://vinyaelsvilars.parentesi.net/wp-content/uploads/2020/07/Vinya-els-Vilars-Roble-Rosa-Zarza-enólogo-bodega-3.mp4</a></video></div>
<p>&nbsp;</p>

<p>Un roble, atractivo, con sensación de frescura y equilibrio. Marcado carácter afrutado en nariz, con finos recuerdos de uva madura, tinta y madera de calidad. Con cuerpo y vigor en boca, carnoso, moderadamente tánico, redondo y vivo.</p>
